lse
Is 822967 a composite number?
True
Is 303570661 composite?
False
Is 3194569 a prime number?
False
Is 74565313 composite?
False
Is 142867 a composite number?
False
Is 3174263 a prime number?
True
Is 392671 prime?
False
Is 429707 composite?
True
Is 34626677 a composite number?
True
Is 17143241 prime?
True
Is 2636297 composite?
True
Is 4458145 composite?
True
Is 483536681 composite?
True
Is 230385193 a prime number?
False
Is 209952269 a prime number?
False
Is 11058127 a composite number?
False
Is 10069349 prime?
True
Is 453757 prime?
True
Is 76578883 composite?
False
Is 2642813 composite?
True
Is 2588567 a composite number?
False
Is 95194915 a composite number?
True
Is 277066777 a prime number?
False
Is 17293651 composite?
False
Is 29204389 a composite number?
False
Is 31669811 a prime number?
True
Is 755141 prime?
False
Is 1156523 a prime number?
True
Is 566347 a composite number?
False
Is 35198957 a prime number?
True
Is 704129729 a prime number?
False
Is 48762023 a prime number?
True
Is 26709902 a composite number?
True
Is 3884941 prime?
False
Is 21833411 a prime number?
True
Is 5520557 a prime number?
False
Is 9280073 a prime number?
False
Is 709463 prime?
False
Is 4578701 prime?
True
Is 64383863 a prime number?
False
Is 13176811 prime?
False
Is 123320053 a composite number?
False
Is 959860959 a prime number?
False
Is 110469283 a composite number?
True
Is 318312581 prime?
False
Is 1789649 composite?
False
Is 829879 composite?
True
Is 5433583 a composite number?
True
Is 686578081 a prime number?
False
Is 2005319 a composite number?
False
Is 38226257 prime?
True
Is 2920031 a prime number?
True
Is 3539933 a composite number?
True
Is 15433553 a prime number?
True
Is 5837651 prime?
True
Is 171306827 prime?
True
Is 401779879 composite?
False
Is 41206093 prime?
True
Is 140895121 composite?
False
Is 60928519 a prime number?
True
Is 132734135 a prime number?
False
Is 2091559 a prime number?
False
Is 123673577 composite?
False
Is 3296641 a composite number?
False
Is 2832859 a composite number?
True
Is 666479 a composite number?
True
Is 14572049 a composite number?
False
Is 9279031 prime?
False
Is 25643689 a composite number?
True
Is 6492443 composite?
False
Is 2395021 composite?
False
Is 2666407 a composite number?
True
Is 52338283 composite?
False
Is 9925519 prime?
True
Is 140759 a composite number?
False
Is 1432481 a composite number?
False
Is 5002711 a composite number?
True
Is 267686389 composite?
True
Is 1295183 composite?
False
Is 7870321 composite?
False
Is 36674909 a prime number?
True
Is 443081 composite?
True
Is 71924597 a prime number?
True
Is 5589511 a prime number?
True
Is 62728187 composite?
True
Is 11253953 a prime number?
False
Is 15506251 a prime number?
True
Is 26376679 a composite number?
True
Is 22508789 prime?
False
Is 7675553 composite?
False
Is 2003017 a composite number?
True
Is 95074463 composite?
True
Is 10079803 a composite number?
True
Is 21279317 a prime number?
False
Is 22774459 composite?
False
Is 7528021 a prime number?
True
Is 46326415 a prime number?
False
Is 14173657 prime?
False
Is 43343869 prime?
True
Is 245271643 a composite number?
True
Is 39196399 prime?
False
Is 1413571 prime?
True
Is 13884023 a prime number?
True
Is 11268107 a prime number?
False
Is 16109483 composite?
True
Is 11113237 a composite number?
False
Is 3004493 a prime number?
True
Is 1863343 prime?
False
Is 290672209 a composite number?
False
Is 440085043 composite?
False
Is 3131087 a composite number?
False
Is 5253203 composite?
False
Is 11369261 a composite number?
False
Is 667379953 a composite number?
False
Is 367681 a prime number?
False
Is 21865721 prime?
True
Is 2281679 a composite number?
True
Is 10385905 prime?
False
Is 1382161 a prime number?
False
Is 3933071 a prime number?
True
Is 244560917 a composite number?
False
Is 96643 a prime number?
True
Is 93888247 a prime number?
True
Is 49409 composite?
False
Is 3541679 prime?
True
Is 12224123 prime?
False
Is 1082311 prime?
False
Is 90880091 prime?
True
Is 3753953 prime?
False
Is 9830987 a prime number?
True
Is 2817609 a composite number?
True
Is 11132083 a prime number?
True
Is 51011483 prime?
False
Is 30611389 composite?
True
Is 4863217 prime?
True
Is 176722235 prime?
False
Is 3429331 composite?
False
Is 7590643 a prime number?
True
Is 825914755 prime?
False
Is 262258 prime?
False
Is 27448051 prime?
False
Is 8906863 composite?
True
Is 4221751 a prime number?
True
Is 19658081 composite?
False
Is 58333 a composite number?
True
Is 163114309 prime?
False
Is 13235569 a prime number?
True
Is 51345403 composite?
True
Is 171263 prime?
True
Is 45947 prime?
False
Is 14362891 a prime number?
True
Is 11875522 a prime number?
False
Is 4265031 a composite number?
True
Is 90968743 a prime number?
True
Is 1080311 prime?
True
Is 8985619 composite?
True
Is 3088273 a prime number?
False
Is 92739763 composite?
False
Is 64957449 composite?
True
Is 75351527 a prime number?
True
Is 663137155 a prime number?
False
Is 9830609 a prime number?
True
Is 12484211 a prime number?
True
Is 62546017 composite?
False
Is 1006045 a composite number?
True
Is 6014831 a prime number?
False
Is 49578337 composite?
False
Is 1199020649 a prime number?
True
Is 22421473 prime?
False
Is 1074133 composite?
False
Is 242804327 composite?
True
Is 11753653 a prime number?
True
Is 5556619 a prime number?
True
Is 45780355 composite?
True
Is 181152746 composite?
True
Is 876719 a prime number?
True
Is 492318689 a prime number?
False
Is 32694031 a composite number?
False
Is 5586869 prime?
False
Is 85609409 composite?
False
Is 2379677 a prime number?
False
Is 23013739 composite?
True
Is 39102463 a prime number?
False
Is 40182491 a composite number?
False
Is 23941711 a prime number?
True
Is 5907133 a prime number?
True
Is 1793899 a prime number?
False
Is 5827377 prime?
False
Is 38206109 a composite number?
False
Is 139539119 a composite number?
False
Is 259316243 composite?
False
Is 412981819 a composite number?
True
Is 1052981 a prime number?
True
Is 5497981 a composite number?
True
Is 441293 composite?
True
Is 3191803 a prime number?
True
Is 7005857 a composite number?
True
Is 21379403 prime?
False
Is 52135519 prime?
False
Is 1571693 a prime number?
False
Is 84216617 composite?
True
Is 4852403 a composite number?
True
Is 272219 a composite number?
True
Is 9322169 prime?
True
Is 67930781 composite?
False
Is 59803787 a composite number?
True
Is 24057599 a prime number?
True
Is 3979771 composite?
False
Is 36980467 a composite number?
False
Is 11518719 prime?
False
Is 301441 a composite number?
True
Is 2291521 a composite number?
True
Is 2425889 a prime number?
True
Is 48138243 a composite number?
True
Is 3122603 prime?
False
Is 263454517 composite?
True
Is 8908861 prime?
False
Is 49507751 composite?
False
Is 26881391 a prime number?
True
Is 316721 composite?
True
Is 1402309 prime?
True
Is 4868431 a composite number?
False
Is 474389 a composite number?
False
Is 8790593 a composite number?
True
Is 817063 composite?
True
Is 16502791 a composite number?
True
Is 180423447 prime?
False
Is 89290049 composite?
False
Is 1205965517 a composite number?
True
Is 17008853 a prime number?
False
Is 50296109 a composite number?
False
Is 22723843 composite?
True
Is 118314247 prime?
True
Is 2047943 composite?
True
Is 2082827 composite?
False
Is 7751557 a composite number?
True
Is 86175079 prime?
False
Is 696796337 a prime number?
True
Is 9776341 a prime number?
True
Is 168825677 composite?
False
Is 15332939 prime?
False
Is 3105415 composite?
True
Is 9386161 a composite number?
False
Is 606888377 composite?
True
Is 131952401 a composite number?
True
Is 1933511 composite?
False
Is 43583507 a composite number?
True
Is 15495419 composite?
True
Is 774899 a prime number?
False
Is 41929319 a composite number?
True
Is 8318837 composite?
False
Is 13083797 composite?
True
Is 222426847 composite?
False
Is 90129089 prime?
False
Is 823067831 composite?
False
Is 13944349 prime?
True
Is 66716879 a composite number?
False
Is 245091967 a composite number?
True
Is 4060643 a prime number?
True
Is 139212979 a composite number?
False
Is 1769611 a prime number?
False
Is 39453043 composite?
True
Is 47680561 composite?
True
Is 1799411 a prime number?
False
Is 4039907 a composite numb